303962 + 6120119. Is g prime?
False
Let n(g) = 301*g**2 - g - 3. Suppose 3*v + 120 = -2*v. Let d be v/(-18)*9/(-6). Is n(d) prime?
False
Let x(k) = k**2 - 4*k + 16. Suppose -4*d - 42 = 2*m, 5*m - d = 2*d - 157. Let i = 14 + m. Is x(i) a composite number?
True
Is (-197499)/(-23) + 16/184 composite?
True
Suppose -681799 = -492*w + 455*w. Is w a prime number?
True
Let c(r) = -86 + r**2 + r + 337 - 3*r**3 + 4*r**3. Is c(0) a prime number?
True
Suppose 7*b - 2*p - 658 = 0, 0 = -3*b - 2*b + p + 470. Suppose -y + 1306 = y. Suppose b - y = -l. Is l a prime number?
False
Let l(g) = g**3 + 72*g**2 - 12*g - 2720. Is l(-65) composite?
True
Let c = -12463 + 18051. Let v be (-10 + 10)*(1 - 0). Suppose 5*g - g - c = v. Is g composite?
True
Suppose 6*x - 10*x = 4*g - 6272, 2*x + 3108 = 2*g. Is g prime?
False
Suppose o = 2*b + 93891, -169788 = 4*o - 5*b - 545346. Is o a composite number?
False
Is (-6)/5*(0 - -5) + 28927 composite?
False
Let t(v) = -3*v**2 + 3*v + 47. Let l be t(0). Suppose -8*f = -121 - l. Is f a prime number?
False
Let j = 1509 + -150. Let w(h) = 216*h**3 + 23*h**2 - 49*h. Let p be w(2). Suppose -5*g + p = 4*c - j, 0 = -3*g + 3. Is c composite?
False
Is (2/3 - -1) + (-3145582528)/(-6501) a composite number?
False
Suppose 0*l + 12316 = -3*q + l, 3*l = -q - 4112. Let m = -2332 - q. Is m a composite number?
True
Suppose 3*u - 2*u + 18 = -4*j, 5*u + 3*j + 22 = 0. Is (-6)/12 + u/((-12)/13761) a composite number?
False
Suppose -j = 3*x - 20, 5*x - 5 = 4*x. Suppose -3*q - 25207 = -j*q + 3*z, q - 12603 = 2*z. Is q a composite number?
True
Let x = 5790 + -3042. Suppose -2*d = 5350 - 1952. Let g = d + x. Is g prime?
True
Let l(t) = 530*t**2 + 6*t + 1. Let x be l(-3). Suppose -4*i + 2*v = -54, -2*v - 69 = -5*i + 2*v. Suppose i*c - x = 6*c. Is c prime?
False
Suppose -4*h = -y + 109605, -438399 = -7*y + 3*y - 5*h. Is y prime?
False
Let d(a) = 67*a**2 - 10*a - 4. Let q be d(-8). Let t = q + -3007. Is t a prime number?
False
Suppose -23*a + 6327655 + 4394278 = 0. Is a prime?
True
Suppose -22*x = -50*x + 232708. Is x prime?
True
Let n(v) = -3*v - 14. Let g be (-275)/44 + (-2)/(-8). Let j be n(g). Suppose -2*w + 81 = 5*f - 798, f + 1747 = j*w. Is w a composite number?
True
Let r(v) = 12*v**2 + 9 + 3*v - 6*v - 17*v**2 - 17*v**3. Let b be r(-4). Suppose -3*t + b - 6 = 0. Is t composite?
True
Suppose -b = h - 423 + 140, 4*b = 2*h + 1114. Suppose 2*c = 2*i + 276, 0*c - 2*c + b = -3*i. Is c composite?
True
Suppose -8706 = 4*n + 2*l, 2*n + 2238 = -4*l - 2130. Suppose 0 = -17*q + 19*q - 10850. Let a = n + q. Is a composite?
False
Let k be (-2 + 11 + -6)*922/6. Suppose -k = -t + 26838. Is t a composite number?
False
Let g(j) = -7*j - 17. Let v = 22 + -26. Let w be g(v). Suppose -w*r + 4086 = -5*r. Is r prime?
False
Let h be (-72)/(-540) - (-2)/(-15). Suppose -26*v + 29*v - 15783 = h. Is v prime?
True
Let h(c) = -1761*c + 2. Suppose 6 = -4*r + 10*r. Let w be h(r). Is w/(-2) + -2 + (-1)/(-2) prime?
False
Let j = -260 - -262. Is j - (5 - 11168/2) a composite number?
False
Suppose -1914616 + 97691 = -25*o. Is o composite?
True
Suppose -40*k + 106*k = -159*k + 22897125. Is k a composite number?
True
Let u = 35 + -13. Let a = u + -18. Suppose a*d + 2*o = 218, d - 118 = -d - 4*o. Is d composite?
False
Let l = -208034 - -410851. Is l prime?
True
Suppose 5*g + 2*s - 88 = 0, 3*g - s - 31 - 13 = 0. Suppose 18*l = g*l + 2078. Is l prime?
True
Suppose -100 = 4*l - 112. Suppose 0 = 20*r - l*r - 322031. Is r a prime number?
False
Let u(r) = 5*r - 36. Let m be u(6). Let h(q) = 2*q. Let o be h(-2). Is ((-57)/m*17)/((-2)/o) a prime number?
False
Suppose 5*p + 407921 = 3*l, -42*l + p - 543910 = -46*l. Is l a composite number?
False
Let o = 1637782 + -611667. Is o a composite number?
True
Let l(p) = 117*p**2 + 4*p + 9. Let b(c) = 233*c**2 + 7*c + 18. Let f(u) = 6*b(u) - 11*l(u). Suppose -8*x + 6*x = -8. Is f(x) a composite number?
False
Let w = 34 + 0. Let a be (-8)/20*w*(-10)/2. Is (-17)/a + (-1485)/(-4) prime?
False
Let j(p) = 15*p**2 + 6*p + 37. Let x be j(11). Suppose 6*r - x = 6968. Is r a prime number?
True
Let m(k) = 28051*k + 5276. Is m(3) a composite number?
True
Let r(o) = o**3 + 14*o**2 - 17*o - 30. Let v = -132 - -117. Let h be r(v). Suppose -3 = w, h = 2*f - 3*w - 11904 + 3241. Is f prime?
True
Let h be (-6)/(-4)*192/9. Suppose 28*l + 16 = h*l. Is 1/((l - 1)/609) a composite number?
True
Suppose 372*y - 168394 = -i + 369*y, i - 168390 = y. Is i a composite number?
False
Suppose 268*k = 759063259 - 268665335. Is k a composite number?
False
Suppose 607130 = 45*u - 60480 + 129320. Is u a prime number?
False
Suppose -6*j - 12*j = 0. Suppose j = -2*a + 1627 + 925. Let q = a + -887. Is q prime?
True
Suppose -11*i + 28*i - 85 = 0. Suppose 23389 = 4*l + 5*q - 5018, -i*l - 5*q = -35510. Is l a composite number?
False
Let t = -102 - -145. Let u be (86/(-9))/((-127)/1143). Let v = t + u. Is v prime?
False
Let o be 0 + (-2 - -5 - 11). Let d be (5/((-50)/(-45)))/((-3)/o). Is ((-4)/d)/(2 + (-9259)/4629) a prime number?
True
Suppose -65*z - 100*z = -28290170 - 10685965. Is z a composite number?
False
Let c = -873867 - -2032174. Is c prime?
True
Suppose -o + 2*l = 2*o - 131, -o - 5*l = -38. Let q = o + -39. Suppose 0 = 2*t - 2*s + 4*s - 664, s = -q*t + 1337. Is t composite?
True
Let s be (-3)/(-30)*5*0. Suppose s = 4*t + 17*t - 5397. Is t a composite number?
False
Suppose -2*r + 20 + 26 = -4*w, 0 = -5*w - 2*r - 44. Let o = -13 - w. Is (-6764)/(-20) + o + 4/(-20) composite?
True
Let d = -61811 + 96772. Is d a prime number?
True
Suppose -c = -4*m + 1870345, 687*m - 3*c = 690*m - 1402770. Is m a composite number?
False
Let v be -5 - ((5 - 2) + -13). Let d(h) = 735*h + 2. Is d(v) composite?
False
Let y(x) = 5*x - 13 + 0*x**2 - 5*x**2 - 6*x**2 + 124*x**3 + 6*x**2. Is y(4) a composite number?
True
Let c be -2 + 3412/(-1 + -1). Let q = -285 - c. Is q prime?
True
Suppose 15*x - 5352294 = -11*x + 5146480. Is x a prime number?
False
Let y(t) = -t - 1. Let r(j) = 5*j + 42. Let x(a) = r(a) + 4*y(a). Let b be x(-19). Let o = 52 - b. Is o a composite number?
True
Let h(u) = -55*u**3 - 2*u**2 + 3*u + 8. Suppose -2*d + d - 3 = 0. Let q be h(d). Suppose 6*w - q - 508 = 0. Is w a composite number?
True
Let s = -2854 + 155571. Is s a prime number?
True
Suppose 21*n - 33180 = -0*n. Suppose 20 = -4*f, -c + 4*f - f = -n. Is c composite?
True
Let x = 1030 + 536. Let i = x - -335. Is i composite?
False
Let o = -5025 - -7124. Is o composite?
False
Let s = -35500 - -25272. Let t = 22151 + s. Is t prime?
True
Let k = 19 - 18. Is k*(6 - 162/24)*-23692 a composite number?
True
Let i(v) = v**2 + 2*v - 6. Let f be i(-5). Suppose -19*n = -f*n - 130450. Is n prime?
False
Suppose -2*d - 6 = 0, 3*q - 3*d + 11851 = 28777. Is q composite?
False
Suppose 1970637 = 157*j + 313502. Is j composite?
True
Let j = -14845 - -18104. Is j composite?
False
Suppose 0 = -4*k + 28 - 72. Let z be (k - -16) + 2*(-2 - -1). Suppose 9895 = 2*v + z*v. Is v a composite number?
False
Let p be 11158*(-387)/18*-1. Suppose -4*b - 319852 = -4*q, 47*q - b = 44*q + p. Is q a composite number?
False
Let q(c) = -249*c - 3. Let f be q(1). Let d = f + 893. Is d a composite number?
False
Suppose 101039 - 317963 = -12*w. Is w a prime number?
True
Suppose -3*u + 9*f - 4*f = -32140, -3*f - 10712 = -u. Suppose 0 = d + a - u, 4*d - 25924 = -a + 16930. Is d a composite number?
True
Suppose 0 = -m + 4*m + 3*r - 9, 2*m - 4*r - 24 = 0. Suppose -11331 = -m*g - 3*g. Is g a prime number?
True
Let m(f) be the first derivative of 61*f**2/2 + 74*f - 64. Is m(9) a composite number?
True
Let y = 28814 - 5355. Is y composite?
False
Let l = 1 + -1. Let j(w) = 2*w**3 + 133*w**2 - 222*w + 90. Let v be j(-68). Suppose -6*t + v = -l*t. Is t prime?
False
Let w(f) = 39270*f - 1381. Is w(26) composite?
False
Let h be -1 + 1/1*-1. Suppose 3*a = -0*a - 9. Is 152 + -2 + (a - h) composite?
False
Let m = 645 - 654. Is ((-117)/m)/((-4)/(-6932)) prime?
False
Let t(q) = -3*q + 7. Let s(h) = -7*h + 15. Let i(o) = -2*s(o) + 5*t(o). Let l be i(-4). Is 70 + l/((-36)/(-16)) composite?
True
Let l(t) = 11267*t**2 + 2*t - 2. Let w be l(1). Suppose k - 6*k + 18777 = -2*x, 3*k - 2*x - w = 0. Let p = -1656 + k. Is p prime?
True
Is (0 + 1)/((-1006)/(-66853730)) prime?
False
Let k(a) = 1750*a - 33. L